= y. What is the greatest common divisor of y and 26?
26
Let s(b) = -b**3 + 28*b**2 - 49*b + 906. Let o be s(27). What is the greatest common factor of o and 2392?
104
Let a be -35 + 27 + -1 + 339. Calculate the highest common factor of 1518 and a.
66
Let b = -1 + 6. Suppose 44 = b*f - 106. Let v = 2183 + -1973. Calculate the greatest common divisor of f and v.
30
Suppose -11*s + 9 = -8*s. Suppose s*w - 3*p - 39 = -0*w, 3*w + 3*p - 39 = 0. Let r = -148 - -213. What is the highest common divisor of w and r?
13
Suppose -2*l + 56 = -l. Let t(f) = f**3 - 9*f + 4. Let m be t(-3). Suppose 6*y - m = 80. Calculate the highest common divisor of l and y.
14
Let h be 1/(-6)*-16*15/4. Suppose j + 9*s = 4*s + 415, -15 = 5*s. What is the greatest common divisor of j and h?
10
Let k be 72/(2 + 1/(-2)). Suppose 0 = -4*f + 22002 - 21714. Calculate the greatest common divisor of f and k.
24
Let z = 1101 + 290. Calculate the greatest common factor of z and 428.
107
Suppose 8*o + z = 12*o - 1160, 1180 = 4*o + 4*z. Let d = 466 - o. Let h(f) = 13*f - 1. Let y be h(2). Calculate the highest common divisor of d and y.
25
Suppose -10*c - 8*c = 72 - 252. What is the greatest common divisor of 170 and c?
10
Suppose -2*k - 3*m + 89 = 0, 8 = 5*m + 3. Let c = -27 + k. Calculate the highest common divisor of 40 and c.
8
Suppose -3*q = -g - 258 + 2089, -q - 2*g - 608 = 0. Let j = 748 + q. What is the highest common factor of 230 and j?
46
Let z = -1078 - -1302. Let w be 24/(-16) - 62/(-4). What is the greatest common factor of z and w?
14
Suppose -a + 2*j + 8 = 0, -2*a - 8 = -7*j - 15. What is the highest common divisor of 3682 and a?
14
Let i = -5529 + 3103. Let h be (-4)/(-9) + i/(-9). What is the greatest common divisor of 10 and h?
10
Suppose -2*n = 12, 3*n - 84 = -2*q + 7*n. Calculate the greatest common divisor of q and 30.
30
Suppose 2*x + 112 = 5*b, 7*b - 6*b - 23 = x. Let g be (44/(-9))/(b/(-99)). What is the greatest common divisor of g and 198?
22
Suppose -67*q = -176*q + 70196. What is the greatest common factor of q and 7?
7
Let u = -22218 + 27777. Calculate the greatest common divisor of 1417 and u.
109
Let l(f) = 2*f**3 - 22*f**2 + 58*f - 12. Let v be l(3). Calculate the highest common divisor of 66 and v.
6
Let l(v) = 3*v - 22. Suppose 2*a = m + 5, 0 = m - 2*a - a + 10. Suppose 3*s + m = 47. Let u be l(s). What is the highest common factor of 50 and u?
10
Suppose 176*s - 271*s = -188955. What is the highest common factor of s and 442?
221
Let x(b) = -b**2 + 34*b - 5. Let j be x(20). Let v = -8 - -13. Suppose v*h + 5*u = u + 137, -3 = -u. What is the highest common divisor of h and j?
25
Suppose -5*a + 568 = 4*t, 1018*a - 1019*a + 80 = -4*t. What is the highest common divisor of 224 and a?
4
Let w(c) = -2 - 17 - 17 + 47*c + 0. Let q be w(4). Suppose -5*o - 4*y = -95, 3*y - 19 = -2*o + 19. What is the highest common factor of q and o?
19
Let h = -12868 + 12904. Let u be (-42)/4*(0 - 12). Calculate the highest common factor of u and h.
18
Let l = -30492 - -30738. What is the highest common factor of 5289 and l?
123
Let p = -1213 + 1780. Suppose 68*s - 2813 = 701 + 770. What is the highest common factor of s and p?
63
Suppose -65*v = -5379 - 2226. Calculate the highest common factor of 189 and v.
9
Let g = 1972 + -1942. Let u(f) = -f + 7. Let t be u(7). Let o = g + t. Calculate the highest common divisor of 15 and o.
15
Suppose -54*a + 59*a + 4*l = 6263, -6269 = -5*a - 2*l. Calculate the highest common divisor of a and 25.
5
Suppose 3*w - 29*w + 24700 = 0. Calculate the highest common divisor of w and 589.
19
Suppose -7130 = -90*s - 2496 + 7516. Calculate the greatest common divisor of 3105 and s.
135
Let g be 2/((-2)/37376*-16). What is the greatest common factor of g and 512?
32
Suppose 70 + 98 = 4*a. Let x = -258 - -363. What is the greatest common factor of a and x?
21
Let y(k) = -4*k + 18. Let o be y(0). Let q(d) = d + 5*d - 4 - 7*d + 4*d. Let a be q(2). Calculate the greatest common factor of o and a.
2
Let z = 80 + 13. Let h be 1/6 - (21 + (-45591)/126). What is the greatest common divisor of z and h?
31
Let f(g) = -g**3 + 5*g + 7. Let u be f(-2). Suppose -u*z + 62 = x, -3*x + 38 = -2*x - z. Calculate the highest common divisor of x and 105.
21
Suppose -191*w + 5686 + 7834 = 147*w. What is the greatest common factor of 1536 and w?
8
Let a(y) = -69*y + 1365. Let b be a(16). What is the greatest common factor of b and 18?
9
Suppose 15 = 3*h - 0. Let u be -108 + 115 + 2*14. Calculate the greatest common factor of h and u.
5
Let b be 1/(-3) - 1700/(-6). Let y be (3*463/18)/((-46)/(-276)). Let o = y - b. Calculate the highest common factor of o and 15.
15
Suppose -5*h = -q + 1413, 20*h = 2*q + 15*h - 2821. Calculate the highest common divisor of q and 55.
11
Let b = -4355 + 4369. Calculate the highest common divisor of b and 707.
7
Suppose -15 = -3*b, -3*x + b + 136 = -3*b. Suppose 6*s = 18*s - 36. Let j be (26/s)/(1/9). Calculate the highest common divisor of j and x.
26
Let t(u) = u**2 - 18*u + 64. Let k be t(14). Calculate the highest common divisor of 1154 and k.
2
Let q = 1361 - 949. Let z = 422 - q. Suppose -j + 7 = v, -2*v + 0*j = -j - 5. Calculate the greatest common factor of v and z.
2
Suppose 4202 = 8*i + 1322. Suppose 4*l - i = 80. What is the highest common factor of l and 11?
11
Let q be (-298)/(-8) - 0 - (-3)/(-12). Let p(x) = 0*x + 8 - 3*x + q + 6. Let m be p(12). Calculate the greatest common divisor of 30 and m.
15
Let b(k) = -189*k**3 - k**2 + 3*k + 3. Let n be b(-1). Let z = n - 165. What is the greatest common divisor of z and 115?
23
Let j(x) = -x + 45. Let a be j(19). Let n = 31 - a. Suppose -3*v - 138 = n*t - 415, -54 = -t - 2*v. Calculate the greatest common factor of 14 and t.
14
Suppose -22*j = -10574 + 2654. Calculate the highest common divisor of j and 330.
30
Let k = -38 - -34. Let m be (-825)/(-39) - k/(-26). Suppose -4 = -3*l - 2*c + 15, 3*c - m = -2*l. Calculate the greatest common factor of 24 and l.
3
Let a be 0/(0 - 0 - 28/(-7)). Suppose a = -9*d + 13*d + q - 182, -172 = -4*d + 4*q. Calculate the greatest common divisor of 10 and d.
5
Suppose 378*h - 354*h = 240. Calculate the highest common factor of h and 2515.
5
Let i = 30 + 20. Suppose 3*l = -5*k + 840, -l - 4*k + i = -237. Let q(a) = a**3 + 5*a**2 - 5*a. Let v be q(-5). Calculate the highest common factor of v and l.
25
Let h(p) = 376*p - 3725. Let u be h(14). What is the highest common factor of 567 and u?
81
Let q(o) = -o**2 + 25*o - 65. Let w be q(15). Calculate the highest common factor of 357 and w.
17
Let w(u) = -u + 6. Let o be (-30)/5*-3*(-12)/(-27). Let v be w(o). Let t be (v - -7)*(-2)/(-5)*1. What is the greatest common divisor of 2 and t?
2
Suppose -2*i = 4*c - 640, -798 = -2*c - 3*c - 3*i. What is the highest common factor of c and 135?
27
Suppose 3*d - 28562 + 11431 = -4*x, 5*d + 5*x - 28550 = 0. Calculate the greatest common factor of d and 33.
33
Let g(r) = 607*r + 7732. Let x be g(-7). What is the greatest common factor of 18 and x?
9
Let p = -12331 - -25175. What is the greatest common divisor of p and 169?
169
Let d(u) = 73*u**2 - 432*u - 13. Let x be d(6). Calculate the greatest common factor of x and 1472.
23
Let j(l) = -64*l - 228. Let q be j(-23). Suppose 0 = 9*y - q + 173. What is the greatest common divisor of y and 21?
7
Let k = 7638 + -7538. What is the highest common divisor of k and 16?
4
Let x(h) = h**3 + 10*h**2 - 14*h - 23. Let t be x(-11). Suppose 6*f - t*f + 36 = 0. Suppose -10*a + f*a = -18. What is the highest common factor of 198 and a?
18
Suppose -38*l = -22*l - 512. Let i = -4 - -36. What is the greatest common divisor of l and i?
32
Let d be (160/12 - 12)/(1/1992). Calculate the greatest common divisor of 83 and d.
83
Let w(z) = -45*z - 2020. Let l be w(-98). What is the greatest common divisor of l and 10?
10
Let r = -266 - -272. Let v be (r - (-70)/(-7)) + 23. Calculate the highest common divisor of 76 and v.
19
Suppose -2*j = -5*j + 240. Let m = 96 - 92. Suppose 5*v = -4*f + 45, 43 = 4*f - v + m*v. What is the highest common factor of j and f?
10
Let l(m) = -6020*m - 61. Let c be l(-1). Suppose 0 = -7*g + c - 1675. Calculate the highest common factor of g and 72.
36
Suppose 0 = -12*l + 11*l + 112. Let s = l + -110. Suppose 